tors of 7129848/348 + (-28)/406.
2, 13, 197
Let y = 1401 - 740. What are the prime factors of y?
661
List the prime factors of (1087520/(-21))/(-10)*21/14.
2, 971
Let w(g) be the third derivative of -10*g**4/3 + 53*g**3/6 + 45*g**2 + 2*g. List the prime factors of w(-19).
11, 13
Suppose -5*i - 66343 = 4*a - 359542, -5*i - 73331 = -a. What are the prime factors of a?
2, 36653
Let n be -5*(-20*1)/(-2). Let h = -15 - 85. Let l = n - h. List the prime factors of l.
2, 5
Let m(d) = 24*d**2 + 6*d - 6. Suppose -2*u + 0*v = -3*v - 2, v = -3*u - 19. What are the prime factors of m(u)?
2, 3, 47
Let g be (-5)/3 + 25/15. Let p be 12/(-12) - (-1 - (g - -4)). Suppose -5*k + 87 = -p*q + 396, -k = 2*q - 151. What are the prime factors of q?
2, 19
Suppose -z + 18 = b - 4*b, z = 5*b + 18. Suppose 4*j = z*j - 3248. List the prime factors of j.
2, 29
Let t(g) = -g**2 - g + 1. Let n(b) = -6*b**2 - 14*b - 3. Let w(s) = n(s) - 5*t(s). Let m be w(-3). What are the prime factors of (-168)/10*m/(-3)?
2, 7
What are the prime factors of 14091/11 + 49/((-42)/6)?
2, 7, 13
Suppose -15 = -3*h - 3*v, -4*v + 2*v = 3*h - 18. Suppose h*w = 39 + 1. Suppose 0 = 10*d - w*d - 910. What are the prime factors of d?
2, 7, 13
Let g be 239/2*17/(102/(-312)). Let l = 15205 + g. List the prime factors of ((-8)/(-6))/(54/l).
2, 3, 37
Let u(a) = 21*a**2 + 32*a + 232. List the prime factors of u(-9).
5, 7, 47
Suppose 6*f - f + 1990 = 3*t, -f - 5 = 0. Let r = 1158 - t. List the prime factors of r.
503
Suppose 94 = 5*i + 3*n, 0*i - n = 5*i - 88. Let q = -13 + i. Suppose 272 = q*a + 64. List the prime factors of a.
2, 13
Let b(l) = l + 5*l**2 + 0*l - 3 + 0 - 4*l**2. Let i be b(-3). Suppose -170 + 53 = -i*d. What are the prime factors of d?
3, 13
Let d(t) = -15*t + 189. Let f be d(13). What are the prime factors of (-6)/(5 + f) - -519?
3, 5, 7
Let c(x) = 2*x**2 - 19*x + 9. Let j = -69 + 61. Let w be ((-1)/1)/(j/104). What are the prime factors of c(w)?
2, 5
Suppose 569 + 69 = 3*f - 2*g, 0 = -4*f + g + 849. Suppose 0*d - 8 = -2*d. Suppose -k = -7 + 2, -t + f = -d*k. What are the prime factors of t?
2, 29
Let q = 32402 + -23022. List the prime factors of q.
2, 5, 7, 67
Let m = -3673 + 6640. List the prime factors of m.
3, 23, 43
Let f be ((-6)/21)/1 + 793/7. Suppose 4*s + 25 = f. List the prime factors of 13 - ((-4)/s + (-65)/(-55)).
2, 3
Let l(k) = -k + 7*k + k**2 - 13*k + 17 + 6*k. List the prime factors of l(-6).
59
Let k = 122 + -124. What are the prime factors of ((-265)/20)/(k/16)?
2, 53
Let u(l) = -8*l**3 - l**2 - 32*l + 30. What are the prime factors of u(-13)?
3, 11, 541
Let p = -5055 - -79157. What are the prime factors of p?
2, 7, 67, 79
Let k = 346 - -216. Suppose k = -100*u + 102*u. Let z = u + -135. What are the prime factors of z?
2, 73
Let v be 2997/(-15) + 0 + (-28)/140. List the prime factors of 594/8 - (-5)/v*10.
2, 37
Let i = 228 + -174. List the prime factors of (-69)/(-4)*(-3)/(i/(-192)).
2, 23
Suppose -504*y = 78*y - 14871264. What are the prime factors of y?
2, 1597
Let q(w) = -4*w**3 - 16*w**2 - 69*w - 1311. List the prime factors of q(-15).
2, 3, 401
Suppose -3*x = x + 4*i - 4, -x = 4*i + 5. Suppose 5*m = 4*m + x*m. Suppose -5*n + 290 + 210 = m. List the prime factors of n.
2, 5
Suppose -1363050 = -1362*n + 1312*n. What are the prime factors of n?
3, 13, 233
Suppose 121162 = -65*l + 700767. List the prime factors of l.
37, 241
Let i be 8/(-36) - 58/(-18). Suppose i*k + 570 = b + 5*k, 3*b - 1720 = -4*k. What are the prime factors of b?
2, 5, 29
Suppose 3*i - 310 = 4*i. Let v = 848 + i. Suppose -110 + v = 4*y. What are the prime factors of y?
107
What are the prime factors of ((320/(-256))/(10/(-12)))/(1/20454)?
3, 7, 487
What are the prime factors of 10 + (9 - 18) + 12801?
2, 37, 173
Let p = 79026 + -27974. What are the prime factors of p?
2, 12763
Let g(c) = c**2 - 15*c + 26. What are the prime factors of g(-26)?
2, 3, 7, 13
Suppose -10*p + 84 = 34. Suppose h + 2*k - 90 = 0, -p*h + 3*k = k - 510. List the prime factors of h.
2, 5
Suppose 5*k - 212588 = -4*w, -k = -43*w + 45*w - 42508. List the prime factors of k.
2, 10631
Let y = 89810 + -33198. What are the prime factors of y?
2, 14153
Let t = 67058 + -33628. List the prime factors of t.
2, 5, 3343
Let n be (-34)/(-9) + 2/9. Let d be (n/6)/((-2)/(-36)). List the prime factors of 3/(-1)*(-316)/d.
79
Let d(i) = -i**3 + 11*i**2 - 7*i - 11. Let j = 55 + -49. Suppose -39 = -3*v + j*a - 3*a, 4*v - 27 = -a. What are the prime factors of d(v)?
5
Suppose 36*k - 399726 = 86310. What are the prime factors of k?
23, 587
Suppose 89689 - 1136531 = -58*t. What are the prime factors of t?
18049
Let n = 643 + -542. Suppose -4*x + n = -35. What are the prime factors of x?
2, 17
Let m(a) = a**2 + 13*a + 4. Let s be m(-13). Suppose s*g - 2*k = 292, 6*g = g - 4*k + 339. Suppose -g = -h - 12. List the prime factors of h.
59
Let w(r) = -r**2 + 2*r + 3. Suppose q = -17 + 20. Let s be w(q). Suppose 4*x - 118 = 2*x - 3*n, 4*n + 16 = s. What are the prime factors of x?
5, 13
Let f = -559 + 966. Let m(u) = -5*u**3 - 5*u**2 + u - 2. Let k be m(-4). Let y = f - k. What are the prime factors of y?
173
Let g(c) = 3*c**3 - 4*c**3 - 12*c - 8*c**2 + 6 - 10. Let j be g(-6). What are the prime factors of (98/j + -2)*(-6)/1?
3, 53
Suppose 2*d = -3*y + 411, 3*d - 3*y = 168 + 411. Let i(a) = -a**3 - 10*a**2 + 4*a - 5. Let f be i(-10). Let j = f + d. List the prime factors of j.
3, 17
Let s(b) = 404*b**2 - 85*b + 27. List the prime factors of s(-6).
3, 11, 457
Let z(p) = -7*p**2 - 14*p - 4. Let v(l) = -3*l**2 - 7*l - 2. Let m(j) = 9*v(j) - 4*z(j). Suppose 8 = q - 3*q. What are the prime factors of m(q)?
2, 3, 7
Let t(r) = 19*r**2 - 15*r - 42. Let q be t(13). Let k = -2116 + q. What are the prime factors of k?
2, 3, 11, 13
Let g = 4385 + -2866. List the prime factors of g.
7, 31
Let d(v) = -5*v**2 - 6*v + 2. Let a be d(-2). List the prime factors of (0 + -1)/(a/(-972)*-2).
3
Suppose 0 = -o - 2*c + 192, o - 2*c + 0*c - 208 = 0. Suppose 3*r - o = -3*d - d, 4*r - 276 = 4*d. Suppose 0 = -3*w + 407 - r. What are the prime factors of w?
113
Let z(k) = 26 + 31*k - 52 - 37 - 44 - 45 - k**2. What are the prime factors of z(21)?
2, 29
Suppose -565*k = -580*k + 70110. What are the prime factors of k?
2, 3, 19, 41
Let a(f) = 24*f**2 - 14*f + 26. Let u be a(10). Suppose -6*r - u = -15*r. List the prime factors of r.
2, 127
Suppose 13*p + 2*p = 225. Suppose 0 = 2*r + 4*n - 706, -p*r + 1452 = -11*r - 2*n. What are the prime factors of r?
19
Let b(j) = 3*j**2 - 27*j + 10. Let n be b(9). Suppose -3*d = 4*v - 2*d - 13, 0 = -2*d + n. What are the prime factors of v/(-8) + (-386)/(-8)?
2, 3
Let c = 19 - 14. Suppose 285 = c*t - 450. List the prime factors of t.
3, 7
Let m(s) = s**2 - 67*s + 1403. List the prime factors of m(45).
7, 59
Let q = 66 - 67. Let c be ((6 - 3) + q)/((-5)/(-30)). Suppose 0 = 4*d + c, 0*s + 620 = 4*s + 4*d. List the prime factors of s.
2, 79
Let x = 6721 + -6374. List the prime factors of x.
347
Let f = 45194 - 14522. List the prime factors of f.
2, 3, 71
Let c be (1 + -111)/(1 - (3 + -1)). Let p = c + -34. List the prime factors of (0 - p/16)*-20 - -2.
97
Suppose 35*b + 24*b - 49*b = 500000. What are the prime factors of b?
2, 5
Let q = -410 - -184. Let x = q + 585. What are the prime factors of x?
359
Let b(k) = -2*k**2 - 4*k - 9. Let l be b(-3). Let o be (78/l)/(2/(-10)). Let g = o - 22. What are the prime factors of g?
2
Let y = -434 - -1630. Suppose -1205*z + 774 = -y*z. List the prime factors of z.
2, 43
Let w(o) = -6*o**3 - 40*o**2 - 124*o - 669. What are the prime factors of w(-19)?
3, 9467
What are the prime factors of (220213/(-2))/(-7) - 3 - (-14)/28?
15727
Let u be (-32)/(-14) + (-46)/161. Suppose 396 = g - 4*p, 4*g = u*g - 5*p + 792. List the prime factors of g.
2, 3, 11
Let j(q) = q**3 + 39*q**2 + 63*q - 31. Suppose -5*u = 169 + 16. What are the prime factors of j(u)?
2, 47
Suppose -z - w = 3*z - 9, 3*w = -4*z + 11. Suppose -6*m + 784 = -z*m. Suppose m = -u + 5*u. What are the prime factors of u?
7
Suppose -4*c - 466 = -2*k, -4*c = -5*k + 736 + 447. Suppose -864 = 200*g - 194*g. Let x = k + g. List the prime factors of x.
5, 19
Suppose -4*v + 8*v - 800 = -2*g, -5*g - 4*v = -1994. Suppose p - g - 487 = 4*j, 6 = -2*j. What are the prime factor